**3 + 113*t**2 + 2656*t + 534. What is a(133)?
2
Let j(q) = 5*q**3 - 5*q**2 + 194*q - 189. What is j(1)?
5
Let v(s) = s**2 - 433*s - 1. Calculate v(0).
-1
Let m(x) = 85*x - 2220. Determine m(20).
-520
Let k(n) = 2525*n - 42928. Give k(17).
-3
Let y(z) = 528*z - 3676. Determine y(7).
20
Let b(p) = -3*p + 6. Give b(-1).
9
Let h(q) = -708*q - 28369. What is h(-40)?
-49
Let y(k) = 506*k**2 - 2536*k + 51. Determine y(5).
21
Let d(i) = 400*i + 5695. Give d(-15).
-305
Let b(y) = -61*y - 894. Calculate b(-13).
-101
Let c(p) = -992*p - 6941. Determine c(-7).
3
Let r(a) = 1578*a + 9478. What is r(-6)?
10
Let a(l) = 30364*l + 7. What is a(0)?
7
Let g(j) = 84*j**2 - 497*j - 18. Calculate g(6).
24
Let w(x) = 12*x**2 - 7*x - 16. Give w(-3).
113
Let t(u) = -588*u - 6468. What is t(-11)?
0
Let x(y) = 13*y**2 - 13*y + 4. Calculate x(4).
160
Let m(q) = 194*q + 1983. Calculate m(-11).
-151
Let d(i) = -46*i + 1116. What is d(24)?
12
Let b(l) = l**2 + 32*l + 73. Determine b(-33).
106
Let h(j) = -514*j + 44231. Determine h(86).
27
Let t(z) = z**3 + 10*z**2 + 25*z + 23. Determine t(-7).
-5
Let t(g) = 40*g - 26. Calculate t(2).
54
Let t(x) = x**3 + 91*x**2 + 662*x - 64. Determine t(-83).
102
Let y(q) = q - 47. What is y(52)?
5
Let d(p) = 431*p + 6466. What is d(-15)?
1
Let g(m) = 13*m**2 - 12*m - 12. Determine g(-2).
64
Let j(v) = -28*v - 1080. Determine j(-47).
236
Let a(f) = -47*f**3 + 16*f - 25. What is a(2)?
-369
Let p(f) = -f**2 + 89*f + 23777. Determine p(-116).
-3
Let x(m) = -2*m**3 - 166*m**2 - 2*m + 22. Calculate x(0).
22
Let l(c) = -c**3 + 11*c**2 - 23*c + 12. What is l(4)?
32
Let x(p) = p**3 + 24*p**2 + 15*p - 42. Give x(-24).
-402
Let b(q) = -q**3 + 63*q**2 - 65*q + 282. Determine b(62).
96
Let f(g) = g**2 - 4*g - 17. Calculate f(-11).
148
Let i(p) = -2*p**3 - 5*p**2 + 100*p + 11. Calculate i(6).
-1
Let f(p) = 2*p**2 - 78*p + 48. Determine f(38).
-28
Let h(m) = -17*m**2 + 83*m + 84. Calculate h(-1).
-16
Let y(r) = -4*r**2 - 35*r - 80. Determine y(-4).
-4
Let g(a) = 2*a**3 + 9*a**2 - 9*a + 19. Determine g(-8).
-357
Let i(g) = -6*g - 120. What is i(21)?
-246
Let x(f) = -f**3 - 7*f**2 + 16*f - 20. What is x(-9)?
-2
Let w(z) = 5*z**3 - 6*z**2 + 38*z - 52. What is w(6)?
1040
Let w(f) = -65*f - 412. Calculate w(-6).
-22
Let s(r) = 5*r**2 + 128*r + 309. What is s(-23)?
10
Let x(b) = b**2 - 7*b - 17. What is x(14)?
81
Let n(y) = 6*y**2 - 497*y - 586. Calculate n(84).
2
Let l(j) = 43*j + 2113. Calculate l(-49).
6
Let g(i) = 87*i - 2687. What is g(31)?
10
Let q(g) = -122*g + 2117. What is q(17)?
43
Let b(j) = -j**2 - 605*j - 12267. Determine b(-21).
-3
Let w(n) = 2*n**3 - 14*n**2 + 8*n - 35. Give w(8).
157
Let g(i) = -3*i**2 + 218*i + 295. Determine g(74).
-1
Let k(l) = 2532*l + 10091. What is k(-4)?
-37
Let a(f) = -3*f**2 - 80*f + 52. Give a(-30).
-248
Let l(a) = -146*a + 439. Determine l(3).
1
Let x(f) = -41*f**3 - 164*f**2 - 6*f - 15. Determine x(-4).
9
Let r(p) = -27*p**2 + 105*p - 138. Give r(2).
-36
Let a(i) = 395*i - 71. Determine a(1).
324
Let p(r) = r**2 + 42*r + 65. Determine p(-29).
-312
Let x(h) = 6*h**3 - 2*h**2 + 7*h - 5. Give x(2).
49
Let a(q) = 125*q + 115. What is a(-1)?
-10
Let i(r) = -r**3 - 33*r**2 + 629*r + 399. What is i(14)?
-7
Let v(y) = 3*y**3 - 69*y**2 + 131*y - 1438. Determine v(22).
-8
Let a(s) = -s**2 - 15*s + 26. Give a(8).
-158
Let d(n) = -n**3 + 69*n**2 + 373*n - 279. Determine d(74).
-57
Let n(h) = 10*h**2 + 34*h + 9. Calculate n(-2).
-19
Let q(a) = 3*a**3 + 198*a**2 + 6*a + 374. Determine q(-66).
-22
Let b(j) = -77*j - 12548. Calculate b(-163).
3
Let b(l) = l**2 - 3*l + 127. Give b(0).
127
Let v(w) = 2*w**2 + 497*w + 1474. Give v(-3).
1
Let j(v) = 143*v - 147. Calculate j(1).
-4
Let v(f) = 5*f**3 - 131*f**2 + 46*f - 525. Calculate v(26).
-5
Let s(c) = -24*c**3 + 4*c**2 - 2*c - 4. Give s(-1).
26
Let o(t) = 6*t**3 - 14*t**2 - 100*t. Give o(-3).
12
Let j(o) = -2*o**3 - 14*o**2 + 18*o + 206. What is j(-5)?
16
Let y(p) = -24*p**2 - 42*p - 18. Give y(-1).
0
Let c(j) = -3*j - 32. Calculate c(-1).
-29
Let i(l) = -l**2 + 41*l - 223. Calculate i(32).
65
Let w(y) = -y**2 - 12*y + 75. Calculate w(-16).
11
Let t(c) = 2*c**2 + 83*c - 14. Calculate t(-38).
-280
Let v(n) = -n**3 - 7*n**2 + 31*n + 184. Determine v(-5).
-21
Let m(u) = 328*u - 18333. What is m(56)?
35
Let y(t) = -t**3 - 3*t**2 - 38*t - 245. Calculate y(-5).
-5
Let p(n) = n**3 - 14*n**2 - 67*n - 94. Determine p(18).
-4
Let c(y) = -108*y + 922. Calculate c(8).
58
Let w(r) = 5*r**2 + 6994*r - 6997. What is w(1)?
2
Let s(p) = -118*p - 2552. What is s(-22)?
44
Let t(p) = p**2 + 18*p - 1. Give t(-21).
62
Let r(t) = t**2 - 40*t - 2026. Give r(69).
-25
Let z(l) = l**2 - 37*l - 496. What is z(43)?
-238
Let q(k) = 190*k + 1112. Calculate q(-6).
-28
Let s(z) = -2*z**2 - 7*z + 669. Give s(19).
-186
Let q(c) = -c**3 - 127*c**2 + 132*c + 574. Calculate q(-128).
62
Let b(l) = -46*l - 3224. What is b(-71)?
42
Let m(k) = -56*k**2 + 19*k + 37. Calculate m(-2).
-225
Let b(r) = -114*r + 85. Calculate b(1).
-29
Let b(c) = -116*c + 6619. What is b(56)?
123
Let v(k) = 2*k**2 + 31*k + 154. Determine v(-18).
244
Let k(u) = 18*u**2 - 6*u + 36. Calculate k(-6).
720
Let q(h) = -h**3 - 9*h**2 - 2*h + 25. What is q(-7)?
-59
Let q(o) = 2*o**3 - 11*o**2 - 14*o + 44. Give q(6).
-4
Let o(k) = 23*k - 2712. Calculate o(119).
25
Let y(l) = 75*l + 3290. Give y(-44).
-10
Let y(h) = -h**3 + 4*h**2 + 13*h - 8. Calculate y(6).
-2
Let v(g) = -38*g - 152. Determine v(-4).
0
Let p(v) = v**3 + 71*v**2 - 135*v - 4562. Give p(-72).
-26
Let h(y) = y**2 - 4*y - 31. Determine h(7).
-10
Let v(f) = 104*f + 161. Determine v(-2).
-47
Let j(q) = 69*q**2 + 144*q - 5. Calculate j(-4).
523
Let i(z) = -z**3 + 10*z**2 - 41*z + 364. Give i(10).
-46
Let h(a) = -a**3 - 15*a**2 - 15*a - 29. Determine h(-14).
-15
Let f(r) = -2*r**3 - 88*r**2 - 293*r + 97. What is f(-4)?
-11
Let c(m) = 8*m**2 + 323*m + 1159. Give c(-4).
-5
Let y(m) = -m**3 - 9*m**2 + 5*m - 49. Give y(-10).
1
Let l(q) = 24*q + 594. Determine l(-25).
-6
Let c(z) = -z - 91. Determine c(-42).
-49
Let q(y) = y**2 + 6*y + 33. Give q(-8).
49
Let g(l) = l**3 - 18*l**2 + 51*l - 92. Determine g(15).
-2
Let k(a) = -a**3 - 6*a**2 + 14*a - 20. Calculate k(-9).
97
Let t(x) = 3*x**3 - 150*x**2 - 643*x - 267. What is t(54)?
3
Let x(u) = -u**3 + 110*u**2 - 18*u - 9954. Give x(109).
-35
Let t(j) = j**3 + 17*j**2 + 17*j - 36. Calculate t(-16).
-52
Let r(q) = 2*q**2 - 110*q - 83. Calculate r(56).
29
Let p(s) = 17*s**2 - 157*s + 302. Determine p(3).
-16
Let j(a) = -9*a**2 + 4*a + 86. Determine j(-6).
-262
Let m(q) = 5*q**2 - 133*q + 206. Give m(25).
6
Let i(u) = 2*u**2 - 23*u - 15. Calculate i(5).
-80
Let p(o) = 14*o**2 - 202*o - 577. Determine p(-3).
155
Let r(u) = -52*u - 3927. What is r(-75)?
-27
Let l(o) = -61*o + 930. Determine l(15).
15
Let z(m) = -m**3 + 10*m**2 - 16*m + 60. What is z(8)?
60
Let f(i) = 2*i**3 + 55*i**2 + 34*i + 172. What is f(-27)?
-17
Let f(l) = -l**2 - 23*l + 37. Calculate f(-27).
-71
Let b(a) = -a**3 + 11*a**2 + 18*a - 80. Give b(9).
244
Let u(b) = -41*b - 1630. Determine u(-44).
174
Let f(y) = -y**2 - 270*y - 8618. Determine f(-37).
3
Let d(l) = -l**2 - 42*l + 142. Give d(-41).
183
Let d(s) = s**3 - 18*s**2 - 66*s + 525. Give d(20).
5
Let t(g) = -2*g**2 + 106*g - 858. Calculate t(10).
2
Let p(f) = f**3 - 103*f**2 + 1250*f - 383. Calculate p(89).
-27
Let z(t) = 451*t - 14978. What is z(33)?
-95
Let u(p) = -p**2 + 21*p + 43. Calculate u(20).
63
Let o(r) = -24*r**2 - 272*r - 7. Give o(-11).
81
Let f(a) = -a**3 - 93*a**2 - 359*a - 253. Give f(-89).
14
Let s(n) = -2*n**2 - 312*n - 1792. What is s(-6)?
8
Let f(o) = 4*o**2 + 81*o - 1000. Determine f(-29).
15
Let a(d) = -12*d - 202. Give a(-19).
26
Let w(s) = -2*s**3 - 18*s**2 - 24*s + 6. What is w(-6)?
-66
Let b(o) = o**3 - 13*o**2 - 5*o + 210. Give b(6).
-72
Let o(s) = 118*s - 2. Determine o(0).
-2
Let f(h) = -h**3 + 18*h**2 + 536*h - 8720. Give f(15).
-5
Let m(d) = d**3 + d**2 - 33*d - 66. Calculate m(-2).
-4
Let t(d) = 1437*d - 7189. Determine t(5).
-4
Let z(l) = -5*l + 122. Determine z(27).
-13
Let u(q) = 38*q + 1887. Calculate u(-50).
-13
Let j(p) = p**2 + 63*p + 436. Calculate j(-8).
-4
Let g(r) = -r**3 + 27*r**2 - 50*r + 58. Give g(25).
58
Let i(s) = -13*s**2 + 7*s - 23. Calculate i(7).
-611
Let j(c) = 17*c - 599. What i